 the prime factors of u(h).
2, 3
Let z(u) = -16*u - 14*u + 31*u + 96. What are the prime factors of z(0)?
2, 3
Let f(x) = 13*x**2 + x - 1. Let w be f(3). List the prime factors of 4 + w + (-4)/(-2).
5
What are the prime factors of (627/(-9) - (5 + -4))*-12?
2, 53
Let w = -165 - -432. What are the prime factors of w?
3, 89
Let p = -199 - -311. What are the prime factors of p?
2, 7
Suppose 44 = 4*i + 4*a, 3*i = 4*a - 2*a + 8. What are the prime factors of (28/5 - i) + (-3906)/(-15)?
2, 5, 13
Let l(d) = 21*d - 8. Let n be l(2). Suppose 4*r + n = 150. What are the prime factors of r?
29
Let s(k) = -8*k - 1. Let a(u) be the second derivative of 7*u**3/6 + u**2/2 + 3*u. Let d(m) = 6*a(m) + 7*s(m). List the prime factors of d(-1).
13
Let o = -90 - -86. What are the prime factors of (0 - -74) + o + 2?
2, 3
Let v be -1*(-1 + -3 + 2). Let r(g) = -3*g - 9 + 62 + 4*g + 0*g + g**v. What are the prime factors of r(0)?
53
Suppose 0 = 10*l - 9*l - 130. List the prime factors of l.
2, 5, 13
Suppose p = -2*l + 5, 5*l + 4*p - 5 = -p. Suppose 67 + 25 = l*h. Let n = h + -5. List the prime factors of n.
2, 3
Let d = -8 - -6. Let y be (d + (-6)/(-4))*-6. Suppose -5*r - 5 = 0, j + 4*r + 4 = y. List the prime factors of j.
3
Let p(i) = i**3 + 8*i**2 + 13*i + 9. Let o be p(-6). Suppose -o*h + 9 = -114. What are the prime factors of h?
41
Suppose 0 = 4*v - 6*i + i - 3, i - 5 = 0. Let h(r) = -r**2 + r. Let a be h(1). What are the prime factors of a - 0 - (-2 - v)?
3
Suppose 0 = -7*b + 3953 + 7653. List the prime factors of b.
2, 829
Suppose 374 - 46 = a. What are the prime factors of a?
2, 41
Suppose 15 = -5*f, 3*f - f - 494 = 5*y. Let i = y - -172. What are the prime factors of i?
2, 3
Suppose -545 = -4*u - 65. Let a = u - 69. List the prime factors of 1/((-150)/a - -3).
17
Let c(t) = t**2 - 20*t + 46. Let m be c(18). Suppose 8*i - m = 3*i, -3*v + i + 289 = 0. List the prime factors of v.
97
Suppose 11*h - 14*h = -156. Suppose h + 84 = p - q, 553 = 4*p - q. What are the prime factors of p?
139
What are the prime factors of -5 + 1281 + (-5)/(2 + -3)?
3, 7, 61
List the prime factors of ((-244940)/111)/(8/(-12)).
2, 5, 331
Let p be (-2 + 1)/(1/(-2)). Suppose x - p*x - 24 = 0. What are the prime factors of (0 + 2/(-4))*x?
2, 3
Let c be (-10)/35 + (-60)/(-14). Suppose -3*b + 11 = 4*k - c, 3*b - 18 = -5*k. Suppose 5*l + 0*l = 4*p - 77, 2*p = k*l + 39. List the prime factors of p.
2, 3
Let o(u) = -u**3 + 21*u**2 - 13*u - 15. Let q be o(20). Let y = -67 + q. What are the prime factors of y?
2, 29
Let n(f) = 3*f + 2. Let t be 6 - -6 - (-2 + 0). List the prime factors of n(t).
2, 11
Suppose -6*s - 505 = 137. Let x = -46 - s. What are the prime factors of x?
61
Suppose -2105 = -7*h + 8458. What are the prime factors of h?
3, 503
Suppose 3065 + 13075 = 10*v. List the prime factors of v.
2, 3, 269
Let q be (-166)/(-18) + 38/(-171). List the prime factors of (210/q)/(8/24).
2, 5, 7
Let i be 7*3/21*(1 + 0). List the prime factors of (-1 + 3)*i - -154.
2, 3, 13
Let d(b) = 2*b**3 - 7*b**2 - 9*b - 2. What are the prime factors of d(6)?
2, 31
What are the prime factors of -1*317*(-8 + 5 - -2)?
317
Suppose 2090 = 39*w - 5905. List the prime factors of w.
5, 41
Let q be 10/(-5) - 2*-247. Let u = 184 + -149. What are the prime factors of q/7 + (-10)/u?
2, 5, 7
Let j(o) = o**3 + 3*o**2 - 2*o - 3. Let c be j(-3). Suppose b + 149 = c*w, 5*w + b + 0*b - 235 = 0. What are the prime factors of w?
2, 3
Let g = 73 + -70. Suppose g*i + 4*i - 35 = 0. List the prime factors of i.
5
Suppose -35 = 4*b - 3*f, -2*b + 9*f = 8*f + 15. Let r(c) = -2*c**3 + c**2 + 4*c - 10. List the prime factors of r(b).
5, 7
Suppose 60*q - 53*q = 2408. What are the prime factors of q?
2, 43
Suppose 7*x = 3*q + 9*x - 3107, 0 = -3*q + 4*x + 3083. List the prime factors of q.
1033
What are the prime factors of (74/(-148))/(1 + (-3694)/3692)?
13, 71
Suppose -3 = 4*n - 11. Suppose 2*o + 3 = v, -4*v + 21 = -o + n*o. Suppose -v = -5*c + 75. List the prime factors of c.
2
Suppose 12*i = 614 - 110. What are the prime factors of i?
2, 3, 7
Suppose 13 = -3*q + 130. Suppose 0*a = -3*a + q. Let o = 26 - a. What are the prime factors of o?
13
Let t(o) = -o**2 + 10*o - 7. Let i be t(8). Suppose i = m + 2*m. Suppose m*r = 7*r - 12. What are the prime factors of r?
3
Let y(w) be the second derivative of 0 + 2*w + 1/3*w**3 + 0*w**2. What are the prime factors of y(1)?
2
Let m(v) = v + 11. Let a be m(-9). Let d = 2 - 48. List the prime factors of d/a*(1 + -2).
23
Suppose -25512 = 52*p - 76*p. What are the prime factors of p?
1063
Let g = 32 + -46. Let z = 7 - g. What are the prime factors of z?
3, 7
Let b(g) be the third derivative of -g**6/120 - g**5/4 - g**4 + 54*g**2. List the prime factors of b(-14).
2, 5, 7
Let l = 4044 - 1288. List the prime factors of l.
2, 13, 53
Suppose 0 = -5*v, 512 = -0*y + 4*y - 2*v. Suppose 3*u = u + y. List the prime factors of u.
2
Let t(j) = 154*j + 32. List the prime factors of t(2).
2, 5, 17
Suppose -5*t + 0*t + 3685 = 2*d, 2*t + d = 1474. Suppose -2*l + 39 + 251 = -2*z, 5*l - z - t = 0. What are the prime factors of l?
2, 37
Let y(f) = -f**3 - 6*f**2 - 8*f + 2. Let q be y(-4). Suppose -6*v + q*v + 212 = 0. List the prime factors of v.
53
Let m(i) be the second derivative of 11*i**5/20 - i**4/3 + i**3/2 + 2*i**2 - 18*i. List the prime factors of m(2).
2, 41
Suppose 18 = -f + 2*s + 2*s, 5*f - 2*s = 0. Suppose -3*n = f*g - 180, -4*n = g - 2*g - 240. List the prime factors of n.
2, 3, 5
Let m = -24 - 3. Let y = m + 17. What are the prime factors of (416/(-40))/(2/y)?
2, 13
Let w(v) = -v**2 + 41*v + 255. List the prime factors of w(0).
3, 5, 17
Suppose 0 = 28*t - 32*t - 5*g + 243, -5*t + 311 = -g. List the prime factors of t.
2, 31
Suppose 82 = -i - 4*p, -4*i + 4*p = -i + 214. Let v(d) = -15*d**3 - d**2 - 5*d - 7. Let t be v(-2). Let o = t + i. What are the prime factors of o?
3, 5
Suppose -4*z + r + 1839 + 1355 = 0, 4*r + 8 = 0. Suppose z = 3*w + 3*w. List the prime factors of w.
7, 19
Let o(d) = -d**3 + 8*d**2 - 2*d - 5. Suppose 3*n - 4*n = 3*k - 6, 0 = -n + 4*k - 1. List the prime factors of o(n).
2, 17
Let l(f) = -2*f**3 + 7*f**2 - 3*f + 7. Let s be l(6). Let c = s - -282. What are the prime factors of c?
7, 13
Suppose -v - 3*m + 7*m - 9 = 0, -2*v + 2*m + 6 = 0. Suppose -3*a + 155 = -25. Suppose -34 - v = -2*t + 3*k, 5*t - a = -k. List the prime factors of t.
13
Let n = 236 - -3056. What are the prime factors of n?
2, 823
Let v = 6050 - 2641. List the prime factors of v.
7, 487
Let t(i) = 11*i - 4. Let n be t(8). Let j(z) = -2*z**2 + 29*z - 1. Let x be j(16). Let r = n + x. What are the prime factors of r?
5, 7
Suppose -4*z = 0, 5*z + 1590 = 3*t + 7*z. List the prime factors of t.
2, 5, 53
Let g be 6/(-6)*2*(-2 + 1). Suppose g*m - 330 = 30. What are the prime factors of m?
2, 3, 5
Suppose -8 + 12 = -j. Let b be 8 + j/1 + -4. Suppose 0 = k - 3*x - 13, b = -2*x + 1 + 3. List the prime factors of k.
19
Suppose -1710 = 7*s - 12*s + 5*x, 0 = -4*s + 3*x + 1370. Let g = -201 + s. What are the prime factors of g?
11, 13
Suppose -3 = g, -4*g + 2*g = -2*y - 1774. Let r = -578 - y. What are the prime factors of r?
2, 3, 13
Let a be 5 - 4 - (2 + -3). Let i be ((-2)/a)/(3/99). Let h = 61 + i. What are the prime factors of h?
2, 7
Suppose -13 = -5*s + 42. Let y = 7 - s. List the prime factors of (-65)/y - 3/(-4).
17
Let h(a) = a**2 + 8*a - 1 + 6 + 1. Let k be h(-12). Suppose 0*l - 2*l + k = 0. What are the prime factors of l?
3
Let n(d) = d**2 - 10*d + 16. Let v be n(8). Let f = 3 + v. Suppose -5*g = -f*g - 32. What are the prime factors of g?
2
Let o(m) = -34 + 6*m + 76 - 36. List the prime factors of o(2).
2, 3
Let m(g) = 141*g + 53. What are the prime factors of m(2)?
5, 67
Suppose -4*y + 16 + 20 = 0. Let i be 25 - y - 1*-3. Let s = i - 8. What are the prime factors of s?
11
Suppose -11*y + 10*y + 10 = 0. Suppose -y*o + 350 = -5*o. What are the prime factors of o?
2, 5, 7
Suppose 330*z + 201 = 333*z. List the prime factors of z.
67
Suppose -3*l = 0, 5*l + 20 + 15 = 5*i. Let q = 61 + i. List the prime factors of q.
2, 17
Suppose 0 = 5*m + 33*c - 38*c - 2590, c + 2574 = 5*m. What are the prime factors of m?
2, 257
Suppose 15*q = -0*q + 270. Let z(m) = m**3 + 7*m**2 + 8. Let n be z(-7). Let a = q + n. What are the pri